 4*a + 1. Let p(o) = -o - 2. Let q be p(-6). Suppose -q*j + j + 15 = 0. Let x be n(j). Determine b(x).
16
Suppose 0 = -3*g - 3 - 6. Let d be -4 - g/((-3)/(-17)). Let a(o) = 3*o + d - 2*o - 12 - o**2. What is a(3)?
-5
Let h be ((-36)/15)/((-4)/10). Let u = 11 + -8. Let j(x) = -5 - 2*x**3 + 3*x**u - 1 - h*x**2 - 1. Give j(6).
-7
Let z = -10 + 16. Suppose -z*p = p - 28. Let i(d) = -d**3 + 2*d**2 + 6*d - 2. Calculate i(p).
-10
Let u(t) = -t**2 + 127*t. Let i(z) = -2*z**2 + 168*z - 1. Let p(y) = -3*i(y) + 4*u(y). Let w be -2*(1 + 1) - -1. Determine p(w).
9
Let f be 111/9 - 4/(-6). Let g be (-3)/6*(-1 + f). Let d(v) be the first derivative of v**2/2 + v + 9. Give d(g).
-5
Let t(w) be the third derivative of w**5/60 + w**4/24 - 54*w**2. Let d = 5 - 7. Let c be t(d). Let l(n) = -n + 1. What is l(c)?
-1
Let q(r) = -r**3 + 4*r**2 - 5*r + 17. Let d be q(4). Let v(u) = -3*u - 7. Determine v(d).
2
Let a = 28 + -56. Let s be a/(-42) - 22/6. Let p(v) = -3*v - 2. Give p(s).
7
Let t(u) = -u**2 + u + 5. Suppose -4*g + 12 = -2*r, 2*g + 3*r + 23 = 37. Calculate t(g).
-7
Suppose 2*b = f + 10, 2 = b - 5*f + 6. Let m(k) = -k**3 + 5*k**2 + 6*k + 1. What is m(b)?
1
Let n = -458 + 464. Let u(p) = p**2 - 7*p + 14. What is u(n)?
8
Let h(b) = -2*b - 2. Suppose -32 = -4*f - 5*k, -2*k + 3 = 5*f - 5*k. Suppose -5*n + f*w + w + 74 = 0, 3*n - 2*w = 46. Suppose -n = 7*u - u. Calculate h(u).
4
Let w = 3 + -2. Let f(s) be the first derivative of 1/3*s**3 + s + 11 - s**2. Give f(w).
0
Let w(d) be the third derivative of d**5/60 + d**4/6 + d**3/6 + 71*d**2. Give w(-5).
6
Let u(t) = t**2 - 7*t - 5. Suppose 0 = 5*q + w - 38, 3*q = 4*w + 40 - 8. Calculate u(q).
3
Let i(y) = y - 3. Let c = -62 + 64. Suppose r = c*r + r. What is i(r)?
-3
Let w(y) = -2*y**2 - 6*y - 5. Let u be w(-5). Let d = 15 + u. Let h be (3 - 1) + d - -3. Let x(r) = r**2 + 7*r + 5. Calculate x(h).
-5
Let a(f) = -3*f + 3. Let c(m) = 1. Let v(r) = -a(r) + 2*c(r). Suppose t + 3*d = -57, 0*t + 41 = -t + 5*d. Let b = t + 53. What is v(b)?
5
Let a(r) = 5*r. Let i be a(6). Suppose 10*f - i = 5*f. Suppose -10 = -m + f*m. Let c(k) = k**2 - 2*k - 1. Give c(m).
7
Let g(c) = 6*c - 10. Let i be g(8). Suppose h + i = 4*o - 0*o, 0 = -2*o + 2*h + 22. Let a = o + -5. Let k(d) = -d**2 + 5*d + 1. What is k(a)?
5
Let x(k) = -3129*k**3 - k**2 + 6264*k**3 - 3134*k**3 + 8 - k. Calculate x(0).
8
Let y(p) be the second derivative of p**5/20 - p**4/3 + p**3/3 + 9*p. Let l = -207 - -210. Give y(l).
-3
Let p = -21 + 23. Let r(y) = -6*y**2 + y + 5 + 7*y**p - 2*y**2 + 3. Calculate r(0).
8
Let a = 10 + -17. Let k(d) = d**2 + 7*d + 6. Let z be k(a). Let x(b) = 12 - z + 7*b - 6. Determine x(-1).
-7
Let j(t) = t - 4. Let b(c) be the second derivative of c**3/6 + 11*c**2/2 - 4*c. Let z be b(-5). What is j(z)?
2
Suppose -2*a + 4*l = 20, 35*a - 4*l = 38*a - 10. Let v(w) = -1 - 2*w**2 - 2*w - w**2 + w**2. Determine v(a).
-5
Let n(k) = k**3 - 3*k**2 - 6*k + 1. Let w be 2/(4/(64/(-2))). Let l = 18 + w. Let x be 7*(18/7 - l). Calculate n(x).
-7
Let s(o) = -3 - 3*o**2 + 2 + 2*o**2 - 5*o**2. Let k(w) = -6*w**2 - 1. Let l(i) = 3*k(i) - 2*s(i). Calculate l(1).
-7
Let b(i) = -i**3 - 22*i**2 - 22*i - 14. Let y be (-6)/(-10) - 324/15. Calculate b(y).
7
Let u(j) = -3*j + 9. Let l(m) = -6*m + 19. Let v(c) = 6*l(c) - 11*u(c). What is v(6)?
-3
Let a(d) = 7 - 14 + 2*d**2 - 2*d + 6 - d**3. Let m be a(3). Let s = m - -19. Let q(b) = -b - 4. Give q(s).
-7
Let f(j) be the third derivative of 0*j + 1/24*j**4 + 0 + 1/20*j**5 + 4*j**2 + 1/120*j**6 + 1/3*j**3. What is f(-4)?
-18
Let n = -484/3 - -162. Let b(y) be the second derivative of -n*y**3 + 2*y - 1/4*y**4 + 0*y**2 + 0. What is b(-3)?
-15
Let z(c) = -c**3 + 5*c**2 + 2 - 3 - 4. Suppose -162*i + 12 = -159*i. Suppose -8 + i = -y. Give z(y).
11
Let b(v) = v - 11. Let d be b(10). Suppose -5*c - 5*l + 5 = -6*l, 0 = -4*l + 20. Let g(w) = -29*w. Let z(k) = -7*k. Let r(i) = c*g(i) - 9*z(i). Calculate r(d).
-5
Let y(t) = -2*t + 5. Let b(v) = v - 3. Let x(n) = 8*b(n) + 5*y(n). Suppose -32 = 22*m - 18*m. Let k be 23/(-6) - m/(-48). Determine x(k).
9
Let d(h) be the second derivative of -h + 1/60*h**5 + 0*h**3 + 0*h**2 + 0 + 1/360*h**6 + 1/4*h**4. Let l(s) be the third derivative of d(s). What is l(-3)?
-4
Let d = 225 + -222. Let x(g) = -g + 4. What is x(d)?
1
Let n(y) be the first derivative of -y**4/2 - 2*y**3/3 + y - 121. Suppose -4*t - 4*i = 0, -4*t + 3*i - 4 = 3. Give n(t).
1
Suppose 6 = 7*s - 6*s. Let h(m) = 1 + 3 - 1 + 2*m - 1. Calculate h(s).
14
Let c be -4 - 12/(-2)*(1 + 0). Let j be -8 - -1*(4 - 3)*c. Let b(t) = -t**3 - 7*t**2 - 8*t - 8. Calculate b(j).
4
Let k(o) = -o**2 - 5*o - 4. Let n(i) = -i**2 - 9*i - 7. Let s(m) = -5*k(m) + 3*n(m). Determine s(2).
3
Let r(m) = -5*m**2 + m. Let w(n) = -n**3 - n**2 - 1. Let g(c) = -4*c**3 - 28*c**2 - c + 7. Let f(y) = g(y) - 6*w(y). Let o be f(11). Calculate r(o).
-18
Let a be (-8)/16*(1 - 1). Suppose 0 = -a*p - 2*p. Suppose 5*h + 5*g = 10, -h - 2*g - 1 + 8 = p. Let c(i) = i**2 + 2*i + 2. Give c(h).
5
Let s(j) = 2*j - 1. Let u(p) = 7*p - 24. Let v be (-1 + -1)/(1/(-4)). Let a be u(v). Let b be (3*a/(-12))/(-2). Calculate s(b).
7
Let j(s) = s**2 + 4*s + 2. Let q = 222 - 225. What is j(q)?
-1
Let a be ((-8)/6)/(2/3*1). Let m(v) be the second derivative of v**5/20 + v**4/6 + v**3/6 + v**2/2 + 3*v. Give m(a).
-1
Let u(y) = 3*y**2 + 7 - 3*y - y**3 + 3*y**2 + 0*y**2. Let x(t) = -2*t**3 + 12*t**2 - 5*t + 15. Let o = 30 - 32. Let z(v) = o*x(v) + 5*u(v). Give z(4).
17
Let b(d) = -2*d + 3*d**2 + 0*d**2 - d + d**3. Suppose 0 = 3*u - 117 + 129. Give b(u).
-4
Suppose 3*s - 4*h = 23, -h - 2 = -2*s - 5*h. Suppose 11 = s*j - 19. Suppose -2*m + 0 = -j. Let o(a) = 2*a - 4. Determine o(m).
2
Let b(u) = -32*u - 20. Let c(z) = 23*z + 14. Let f(k) = 5*b(k) + 7*c(k). Determine f(5).
3
Let o(z) be the second derivative of -z**3/6 + z**2/2 - 37*z. Determine o(-4).
5
Let g(t) be the third derivative of -4*t**5/15 - t**4/24 - 35*t**2 + t. What is g(1)?
-17
Suppose 4*g + g = 0. Let i(o) = g*o**2 + o**3 + o + 0*o + 1 - o**2. Let s(v) = 2*v**2 - 44*v - 148. Let z be s(25). Give i(z).
7
Let r be ((-6)/(-5))/((-24)/80). Let k(x) = 2*x**2 + 5*x - 4. What is k(r)?
8
Let p be 16/(-24)*(-3)/1. Let n(x) = 4 - 4*x**2 + 3*x**2 + x + x**3 + x**p. What is n(0)?
4
Let m(h) = -37*h**3 - 2*h**2 - 4*h + 31. Let d(f) = 14*f**3 + f**2 + f - 11. Let w(s) = 8*d(s) + 3*m(s). Determine w(-3).
8
Let y(p) = 8*p. Let c(a) be the third derivative of -7*a**4/24 - a**3/6 - 3*a**2. Let k(q) = -7*c(q) - 6*y(q). Let h = -78 + 78. Calculate k(h).
7
Let u(s) = -6*s + 15. Let t(j) = 3*j - 235. Let w be t(82). Calculate u(w).
-51
Let y(c) be the second derivative of 0 - c + 7/2*c**2 - 1/12*c**4 + c**3. Let k = 0 + 7. What is y(k)?
0
Let y = 5 - 8. Let m(l) = 4*l**3 - 5*l**2 - 19*l - 16. Let h(z) = -3*z**3 + 3*z**2 + 13*z + 11. Let b(k) = -7*h(k) - 5*m(k). Calculate b(y).
0
Let v(j) be the second derivative of j**5/20 - j**4/2 + j**3/6 - 3*j**2/2 + 160*j. What is v(6)?
3
Let c be 12/114 - (-416)/19. Suppose 9 = -2*p - x + c, 5 = x. Let n(l) be the second derivative of l**3/6 - 3*l**2 + l. Calculate n(p).
-2
Let u(x) = 7*x**2 - x - 2. Let b(p) = -8*p**2 + 4 - 6 + 3. Let d(i) = 6*b(i) + 7*u(i). Give d(8).
0
Let r(t) = 9*t**2 - t - 15. Let n(v) = -11*v**2 - v + 15. Let a(w) = -5*n(w) - 6*r(w). What is a(-7)?
-13
Let a(d) = -2*d + 1. Suppose -2*q + 0*q = -5*n - 48, 0 = q + 1. Let j = n - -11. Let c = -3 + j. Give a(c).
5
Let u(q) = 5*q**3 + 11*q**2 + 8*q + 4. Let o(d) = -d**3 - d**2 - 2*d - 1. Let h(r) = 6*o(r) + u(r). What is h(4)?
-2
Let i = 6 - -3. Let j = i + -16. Let b(u) = -u - 14. Calculate b(j).
-7
Suppose 7*u = -5*u + 1728. Let s(d) = 2*d - 146 - 2*d + u - 3*d**2 - d**3. Let r be (1 - 2)*1 - 2. Calculate s(r).
-2
Let d = -17 + 13. Let u be 3 - 0/(d/(-1)). Let p(t) = -t + u - 4 - 3*t. Give p(1).
-5
Let u(m) = 9*m**3 + 2*m**2 - 1. Let h = 170 + -168. Let z be (h/(-4))/((-2)/(-4)). Give u(z).
-8
Let q(z) = 7*z**3 - 5*z**2 - 7*z + 5. Let r(m) = 10*m**3 - 8*m**2 - 11*m + 7. Let a(k) = -7*q(k) + 5*r(k). What is a(6)?
0
Let q(z) be the third derivative of -z**4/24 + z**3/2 + 5*z**2. Suppose 6*r - 6 = 7*r. What is q(r)?
9
Let r(g) = 3 + 3 - 5 + 3 + g**2 - 3*g. Let v(m) = -2*m**3 - 12*m**2 + 4*m + 27. Let o be v(-6). Calculate r(o).
4
Let r(i) = 7*